{"id":1253,"date":"2023-08-16T21:28:10","date_gmt":"2023-08-16T19:28:10","guid":{"rendered":"http:\/\/82.65.63.100\/wordpress\/?page_id=1253"},"modified":"2023-08-23T10:33:59","modified_gmt":"2023-08-23T08:33:59","slug":"accueil","status":"publish","type":"page","link":"http:\/\/82.65.63.100\/wordpress\/accueil\/","title":{"rendered":"Actualit\u00e9s"},"content":{"rendered":"\n<div class=\"wp-block-group eplus-wrapper\"><div class=\"wp-block-group__inner-container is-layout-constrained wp-block-group-is-layout-constrained\">\n<div class=\"wp-block-query eplus-wrapper is-layout-flow wp-block-query-is-layout-flow\"><ul class=\"is-flex-container columns-2 wp-block-post-template is-layout-flow wp-block-post-template-is-layout-flow\"><li class=\"wp-block-post post-1896 post type-post status-publish format-standard has-post-thumbnail hentry category-facebook tag-basketball tag-ffbb tag-saison20232024 tag-uniondechysinguesnainbasket\">\n<figure class=\"alignwide  wp-block-post-featured-image eplus-styles-uid-83155b\"><a href=\"http:\/\/82.65.63.100\/wordpress\/blog\/2023\/09\/02\/planning-provisoire-des-entrainements-2023-2024\/\" target=\"_self\"><img loading=\"lazy\" decoding=\"async\" width=\"680\" height=\"679\" src=\"http:\/\/82.65.63.100\/wordpress\/wp-content\/uploads\/2023\/09\/planning-provisoire-entrainements.jpg\" class=\"attachment-post-thumbnail size-post-thumbnail wp-post-image\" alt=\"Planning provisoire des entra\u00eenements 2023-2024\" style=\"object-fit:cover;\" srcset=\"http:\/\/82.65.63.100\/wordpress\/wp-content\/uploads\/2023\/09\/planning-provisoire-entrainements.jpg 680w, http:\/\/82.65.63.100\/wordpress\/wp-content\/uploads\/2023\/09\/planning-provisoire-entrainements-300x300.jpg 300w, http:\/\/82.65.63.100\/wordpress\/wp-content\/uploads\/2023\/09\/planning-provisoire-entrainements-150x150.jpg 150w\" sizes=\"auto, (max-width: 680px) 100vw, 680px\"><\/a><\/figure>\n\n<h3 class=\"has-text-align-center wp-block-post-title eplus-styles-uid-83155b\"><a href=\"http:\/\/82.65.63.100\/wordpress\/blog\/2023\/09\/02\/planning-provisoire-des-entrainements-2023-2024\/\" target=\"_self\">Planning provisoire des entra\u00eenements 2023-2024<\/a><\/h3>\n\n<div style=\"font-size:10px;\" class=\"has-text-align-center wp-block-post-date eplus-styles-uid-83155b\"><time datetime=\"2023-09-02T20:44:48+02:00\">2 septembre 2023<\/time><\/div>\n\n<div class=\"wp-block-post-excerpt has-small-font-size eplus-styles-uid-21f146\"><p class=\"wp-block-post-excerpt__excerpt\">Voici le planning (provisoire) des entra\u00eenements pour la saison 2023\/2024 par salle et par cat\u00e9gories, \u00e0 partir de ce lundi 4 septembre 2023. Celui-ci devrait \u00e9voluer&#8230; <a class=\"wp-block-post-excerpt__more-link\" href=\"http:\/\/82.65.63.100\/wordpress\/blog\/2023\/09\/02\/planning-provisoire-des-entrainements-2023-2024\/\">Lire la suite&#8230;<\/a><\/p><\/div>\n<\/li><li class=\"wp-block-post post-1893 post type-post status-publish format-standard has-post-thumbnail hentry category-facebook tag-basketball tag-championnats tag-feminin tag-ffbb tag-uniondechysinguesnainbasket\">\n<figure class=\"alignwide  wp-block-post-featured-image eplus-styles-uid-83155b\"><a href=\"http:\/\/82.65.63.100\/wordpress\/blog\/2023\/09\/02\/poules-jeunes-feminines\/\" target=\"_self\"><img loading=\"lazy\" decoding=\"async\" width=\"680\" height=\"679\" src=\"http:\/\/82.65.63.100\/wordpress\/wp-content\/uploads\/2023\/09\/Poules-jeunes-feminines.jpg\" class=\"attachment-post-thumbnail size-post-thumbnail wp-post-image\" alt=\"Poules jeunes f\u00e9minines\" style=\"object-fit:cover;\" srcset=\"http:\/\/82.65.63.100\/wordpress\/wp-content\/uploads\/2023\/09\/Poules-jeunes-feminines.jpg 680w, http:\/\/82.65.63.100\/wordpress\/wp-content\/uploads\/2023\/09\/Poules-jeunes-feminines-300x300.jpg 300w, http:\/\/82.65.63.100\/wordpress\/wp-content\/uploads\/2023\/09\/Poules-jeunes-feminines-150x150.jpg 150w\" sizes=\"auto, (max-width: 680px) 100vw, 680px\"><\/a><\/figure>\n\n<h3 class=\"has-text-align-center wp-block-post-title eplus-styles-uid-83155b\"><a href=\"http:\/\/82.65.63.100\/wordpress\/blog\/2023\/09\/02\/poules-jeunes-feminines\/\" target=\"_self\">Poules jeunes f\u00e9minines<\/a><\/h3>\n\n<div style=\"font-size:10px;\" class=\"has-text-align-center wp-block-post-date eplus-styles-uid-83155b\"><time datetime=\"2023-09-02T20:40:45+02:00\">2 septembre 2023<\/time><\/div>\n\n<div class=\"wp-block-post-excerpt has-small-font-size eplus-styles-uid-21f146\"><p class=\"wp-block-post-excerpt__excerpt\">Au tour de nos jeunes joueuses de conna\u00eetre leurs adversaires lors des poules de brassage&#8230; <a class=\"wp-block-post-excerpt__more-link\" href=\"http:\/\/82.65.63.100\/wordpress\/blog\/2023\/09\/02\/poules-jeunes-feminines\/\">Lire la suite&#8230;<\/a><\/p><\/div>\n<\/li><li class=\"wp-block-post post-1889 post type-post status-publish format-standard has-post-thumbnail hentry category-facebook tag-basketball tag-championnats tag-ffbb tag-masculin tag-uniondechysinguesnainbasket\">\n<figure class=\"alignwide  wp-block-post-featured-image eplus-styles-uid-83155b\"><a href=\"http:\/\/82.65.63.100\/wordpress\/blog\/2023\/09\/02\/poules-jeunes-masc\/\" target=\"_self\"><img loading=\"lazy\" decoding=\"async\" width=\"680\" height=\"680\" src=\"http:\/\/82.65.63.100\/wordpress\/wp-content\/uploads\/2023\/09\/Poules-jeunes-masculins.jpg\" class=\"attachment-post-thumbnail size-post-thumbnail wp-post-image\" alt=\"Poules jeunes masculins\" style=\"object-fit:cover;\" srcset=\"http:\/\/82.65.63.100\/wordpress\/wp-content\/uploads\/2023\/09\/Poules-jeunes-masculins.jpg 680w, http:\/\/82.65.63.100\/wordpress\/wp-content\/uploads\/2023\/09\/Poules-jeunes-masculins-300x300.jpg 300w, http:\/\/82.65.63.100\/wordpress\/wp-content\/uploads\/2023\/09\/Poules-jeunes-masculins-150x150.jpg 150w\" sizes=\"auto, (max-width: 680px) 100vw, 680px\"><\/a><\/figure>\n\n<h3 class=\"has-text-align-center wp-block-post-title eplus-styles-uid-83155b\"><a href=\"http:\/\/82.65.63.100\/wordpress\/blog\/2023\/09\/02\/poules-jeunes-masc\/\" target=\"_self\">Poules jeunes masculins<\/a><\/h3>\n\n<div style=\"font-size:10px;\" class=\"has-text-align-center wp-block-post-date eplus-styles-uid-83155b\"><time datetime=\"2023-09-02T20:36:58+02:00\">2 septembre 2023<\/time><\/div>\n\n<div class=\"wp-block-post-excerpt has-small-font-size eplus-styles-uid-21f146\"><p class=\"wp-block-post-excerpt__excerpt\">Il y a quelques semaines, nous vous avions d\u00e9voil\u00e9s les futurs adversaires de nos \u00e9quipes Seniors et R\u00e9gionales. Aujourd&rsquo;hui&#8230; <a class=\"wp-block-post-excerpt__more-link\" href=\"http:\/\/82.65.63.100\/wordpress\/blog\/2023\/09\/02\/poules-jeunes-masc\/\">Lire la suite&#8230;<\/a><\/p><\/div>\n<\/li><li class=\"wp-block-post post-1642 post type-post status-publish format-standard has-post-thumbnail hentry category-facebook tag-basketball tag-ffbb tag-uniondechysinguesnainbasket\">\n<figure class=\"alignwide  wp-block-post-featured-image eplus-styles-uid-83155b\"><a href=\"http:\/\/82.65.63.100\/wordpress\/blog\/2023\/08\/28\/reprise-pour-les-u11\/\" target=\"_self\"><img loading=\"lazy\" decoding=\"async\" width=\"512\" height=\"640\" src=\"http:\/\/82.65.63.100\/wordpress\/wp-content\/uploads\/2023\/08\/Reprise_U11.jpg\" class=\"attachment-post-thumbnail size-post-thumbnail wp-post-image\" alt=\"Reprise pour les U11\" style=\"object-fit:cover;\" srcset=\"http:\/\/82.65.63.100\/wordpress\/wp-content\/uploads\/2023\/08\/Reprise_U11.jpg 512w, http:\/\/82.65.63.100\/wordpress\/wp-content\/uploads\/2023\/08\/Reprise_U11-240x300.jpg 240w\" sizes=\"auto, (max-width: 512px) 100vw, 512px\"><\/a><\/figure>\n\n<h3 class=\"has-text-align-center wp-block-post-title eplus-styles-uid-83155b\"><a href=\"http:\/\/82.65.63.100\/wordpress\/blog\/2023\/08\/28\/reprise-pour-les-u11\/\" target=\"_self\">Reprise pour les U11<\/a><\/h3>\n\n<div style=\"font-size:10px;\" class=\"has-text-align-center wp-block-post-date eplus-styles-uid-83155b\"><time datetime=\"2023-08-28T18:44:57+02:00\">28 ao\u00fbt 2023<\/time><\/div>\n\n<div class=\"wp-block-post-excerpt has-small-font-size eplus-styles-uid-21f146\"><p class=\"wp-block-post-excerpt__excerpt\">\ud83d\udccd\ud83c\udfc0 C&rsquo;est la reprise pour nos U11 cette semaine avec deux entra\u00eenements, ce mardi et jeudi de 17h00 \u00e0 18h30. Pour les autres \u00e9quipes jeunes masculines, on continue avec les entra\u00eenements en commun du lundi au vendredi, de 18h00 \u00e0 20h00. <a class=\"wp-block-post-excerpt__more-link\" href=\"http:\/\/82.65.63.100\/wordpress\/blog\/2023\/08\/28\/reprise-pour-les-u11\/\">Lire la suite&#8230;<\/a><\/p><\/div>\n<\/li><li class=\"wp-block-post post-1639 post type-post status-publish format-standard has-post-thumbnail hentry category-facebook tag-basketball tag-feminin tag-reprise tag-uniondechysinguesnainbasket\">\n<figure class=\"alignwide  wp-block-post-featured-image eplus-styles-uid-83155b\"><a href=\"http:\/\/82.65.63.100\/wordpress\/blog\/2023\/08\/28\/reprise-pour-les-equipes-feminines\/\" target=\"_self\"><img loading=\"lazy\" decoding=\"async\" width=\"1638\" height=\"2048\" src=\"http:\/\/82.65.63.100\/wordpress\/wp-content\/uploads\/2023\/08\/Reprise_feminines.jpg\" class=\"attachment-post-thumbnail size-post-thumbnail wp-post-image\" alt=\"Reprise pour les \u00e9quipes f\u00e9minines\" style=\"object-fit:cover;\" srcset=\"http:\/\/82.65.63.100\/wordpress\/wp-content\/uploads\/2023\/08\/Reprise_feminines.jpg 1638w, http:\/\/82.65.63.100\/wordpress\/wp-content\/uploads\/2023\/08\/Reprise_feminines-240x300.jpg 240w, http:\/\/82.65.63.100\/wordpress\/wp-content\/uploads\/2023\/08\/Reprise_feminines-819x1024.jpg 819w, http:\/\/82.65.63.100\/wordpress\/wp-content\/uploads\/2023\/08\/Reprise_feminines-768x960.jpg 768w, http:\/\/82.65.63.100\/wordpress\/wp-content\/uploads\/2023\/08\/Reprise_feminines-1229x1536.jpg 1229w\" sizes=\"auto, (max-width: 1638px) 100vw, 1638px\"><\/a><\/figure>\n\n<h3 class=\"has-text-align-center wp-block-post-title eplus-styles-uid-83155b\"><a href=\"http:\/\/82.65.63.100\/wordpress\/blog\/2023\/08\/28\/reprise-pour-les-equipes-feminines\/\" target=\"_self\">Reprise pour les \u00e9quipes f\u00e9minines<\/a><\/h3>\n\n<div style=\"font-size:10px;\" class=\"has-text-align-center wp-block-post-date eplus-styles-uid-83155b\"><time datetime=\"2023-08-28T18:40:46+02:00\">28 ao\u00fbt 2023<\/time><\/div>\n\n<div class=\"wp-block-post-excerpt has-small-font-size eplus-styles-uid-21f146\"><p class=\"wp-block-post-excerpt__excerpt\">\ud83c\udfc0\ud83d\udccd \ud835\uddd6&rsquo;\ud835\uddf2\ud835\ude00\ud835\ude01 \ud835\uddf9\ud835\uddee \ud835\uddff\ud835\uddf2\ud835\uddfd\ud835\uddff\ud835\uddf6\ud835\ude00\ud835\uddf2 \ud835\uddfd\ud835\uddfc\ud835\ude02\ud835\uddff \ud835\uddf9\ud835\uddf2\ud835\ude00 \u00e9\ud835\uddfe\ud835\ude02\ud835\uddf6\ud835\uddfd\ud835\uddf2\ud835\ude00 \ud835\uddf3\u00e9\ud835\uddfa\ud835\uddf6\ud835\uddfb\ud835\uddf6\ud835\uddfb\ud835\uddf2\ud835\ude00 \u00e9\ud835\uddf4\ud835\uddee\ud835\uddf9\ud835\uddf2\ud835\uddfa\ud835\uddf2\ud835\uddfb\ud835\ude01 ! En attendant la r\u00e9ouverture du complexe sportif Mercier, les entra\u00eenements ont lieu pendant deux semaines \u00e0 la salle Joliot Curie, rue du 8 mai 1945 \u00e0 Sin-Le-Noble. <a class=\"wp-block-post-excerpt__more-link\" href=\"http:\/\/82.65.63.100\/wordpress\/blog\/2023\/08\/28\/reprise-pour-les-equipes-feminines\/\">Lire la suite&#8230;<\/a><\/p><\/div>\n<\/li><li class=\"wp-block-post post-1436 post type-post status-publish format-standard has-post-thumbnail hentry category-facebook tag-basketball tag-ffbb tag-licence20232024 tag-passsport tag-uniondechysinguesnainbasket\">\n<figure class=\"alignwide  wp-block-post-featured-image eplus-styles-uid-83155b\"><a href=\"http:\/\/82.65.63.100\/wordpress\/blog\/2023\/08\/22\/passsport-2\/\" target=\"_self\"><img loading=\"lazy\" decoding=\"async\" width=\"766\" height=\"905\" src=\"http:\/\/82.65.63.100\/wordpress\/wp-content\/uploads\/2023\/08\/FB_IMG_1692737596600.jpg\" class=\"attachment-post-thumbnail size-post-thumbnail wp-post-image\" alt=\"Pass\u2019sport\" style=\"object-fit:cover;\" srcset=\"http:\/\/82.65.63.100\/wordpress\/wp-content\/uploads\/2023\/08\/FB_IMG_1692737596600.jpg 766w, http:\/\/82.65.63.100\/wordpress\/wp-content\/uploads\/2023\/08\/FB_IMG_1692737596600-254x300.jpg 254w\" sizes=\"auto, (max-width: 766px) 100vw, 766px\"><\/a><\/figure>\n\n<h3 class=\"has-text-align-center wp-block-post-title eplus-styles-uid-83155b\"><a href=\"http:\/\/82.65.63.100\/wordpress\/blog\/2023\/08\/22\/passsport-2\/\" target=\"_self\">Pass\u2019sport<\/a><\/h3>\n\n<div style=\"font-size:10px;\" class=\"has-text-align-center wp-block-post-date eplus-styles-uid-83155b\"><time datetime=\"2023-08-22T22:45:23+02:00\">22 ao\u00fbt 2023<\/time><\/div>\n\n<div class=\"wp-block-post-excerpt has-small-font-size eplus-styles-uid-21f146\"><p class=\"wp-block-post-excerpt__excerpt\">\ud83d\udcce \u00c0 ce jour, vous avez d\u00fb recevoir (ou vous allez bient\u00f4t recevoir) le courrier qui vous permettra de b\u00e9n\u00e9ficier du Pass&rsquo;Sport. \ud835\udde1&rsquo;\ud835\uddfc\ud835\ude02\ud835\uddef\ud835\uddf9\ud835\uddf6\ud835\uddf2\ud835\ude07 \ud835\uddfd\ud835\uddee\ud835\ude00 \ud835\uddf1\ud835\uddf2 \ud835\uddfb\ud835\uddfc\ud835\ude02\ud835\ude00 \ud835\uddf0\ud835\uddfc\ud835\uddfa\ud835\uddfa\ud835\ude02\ud835\uddfb\ud835\uddf6\ud835\uddfe\ud835\ude02\ud835\uddf2\ud835\uddff \ud835\uddf9\ud835\uddf2 \ud835\uddf0\ud835\uddfc\ud835\uddf1\ud835\uddf2 \ud835\uddf6\ud835\uddfb\ud835\uddf1\ud835\uddf6\ud835\uddfe\ud835\ude02\u00e9 dans cette lettre afin que nous puissions d\u00e9duire les 50 euros du co\u00fbt de la licence&#8230; <a class=\"wp-block-post-excerpt__more-link\" href=\"http:\/\/82.65.63.100\/wordpress\/blog\/2023\/08\/22\/passsport-2\/\">Lire la suite&#8230;<\/a><\/p><\/div>\n<\/li><\/ul>\n\n<nav class=\"wp-block-query-pagination is-content-justification-right is-layout-flex wp-container-core-query-pagination-is-layout-1888cafc wp-block-query-pagination-is-layout-flex eplus-styles-uid-cbf413\" aria-label=\"Pagination\">\n\n\n<div class=\"wp-block-query-pagination-numbers\"><span aria-current=\"page\" class=\"page-numbers current\">1<\/span>\n<a class=\"page-numbers\" href=\"?query-14-page=2\">2<\/a>\n<a class=\"page-numbers\" href=\"?query-14-page=3\">3<\/a>\n<a class=\"page-numbers\" href=\"?query-14-page=4\">4<\/a><\/div>\n\n<a href=\"\/wordpress\/wp-json\/wp\/v2\/pages\/1253?query-14-page=2\" class=\"wp-block-query-pagination-next\">Page suivante<\/a>\n<\/nav><\/div>\n<\/div><\/div>\n","protected":false},"excerpt":{"rendered":"","protected":false},"author":1,"featured_media":0,"parent":0,"menu_order":0,"comment_status":"closed","ping_status":"closed","template":"","meta":{"editor_plus_copied_stylings":"{}","footnotes":""},"class_list":["post-1253","page","type-page","status-publish","hentry"],"_links":{"self":[{"href":"http:\/\/82.65.63.100\/wordpress\/wp-json\/wp\/v2\/pages\/1253","targetHints":{"allow":["GET"]}}],"collection":[{"href":"http:\/\/82.65.63.100\/wordpress\/wp-json\/wp\/v2\/pages"}],"about":[{"href":"http:\/\/82.65.63.100\/wordpress\/wp-json\/wp\/v2\/types\/page"}],"author":[{"embeddable":true,"href":"http:\/\/82.65.63.100\/wordpress\/wp-json\/wp\/v2\/users\/1"}],"replies":[{"embeddable":true,"href":"http:\/\/82.65.63.100\/wordpress\/wp-json\/wp\/v2\/comments?post=1253"}],"version-history":[{"count":35,"href":"http:\/\/82.65.63.100\/wordpress\/wp-json\/wp\/v2\/pages\/1253\/revisions"}],"predecessor-version":[{"id":1467,"href":"http:\/\/82.65.63.100\/wordpress\/wp-json\/wp\/v2\/pages\/1253\/revisions\/1467"}],"wp:attachment":[{"href":"http:\/\/82.65.63.100\/wordpress\/wp-json\/wp\/v2\/media?parent=1253"}],"curies":[{"name":"wp","href":"https:\/\/api.w.org\/{rel}","templated":true}]}}